{"id":642,"date":"2023-05-23T17:14:21","date_gmt":"2023-05-23T17:14:21","guid":{"rendered":"https:\/\/anticonasac.com\/go\/?page_id=642"},"modified":"2023-09-12T18:00:35","modified_gmt":"2023-09-12T18:00:35","slug":"ley-29741","status":"publish","type":"page","link":"https:\/\/anticonasac.com\/?page_id=642","title":{"rendered":"Ley 29741"},"content":{"rendered":"\t\t<div data-elementor-type=\"wp-page\" data-elementor-id=\"642\" class=\"elementor elementor-642\" data-elementor-post-type=\"page\">\n\t\t\t\t\t\t<section class=\"elementor-section elementor-top-section elementor-element elementor-element-f013a0d elementor-section-boxed elementor-section-height-default elementor-section-height-default\" data-id=\"f013a0d\" data-element_type=\"section\" data-e-type=\"section\">\n\t\t\t\t\t\t<div class=\"elementor-container elementor-column-gap-default\">\n\t\t\t\t\t<div class=\"elementor-column elementor-col-100 elementor-top-column elementor-element elementor-element-e1a41ce\" data-id=\"e1a41ce\" data-element_type=\"column\" data-e-type=\"column\">\n\t\t\t<div class=\"elementor-widget-wrap\">\n\t\t\t\t\t\t\t<\/div>\n\t\t<\/div>\n\t\t\t\t\t<\/div>\n\t\t<\/section>\n\t\t\t\t<section class=\"elementor-section elementor-top-section elementor-element elementor-element-1405d20d elementor-section-content-middle elementor-section-boxed elementor-section-height-default elementor-section-height-default\" data-id=\"1405d20d\" data-element_type=\"section\" data-e-type=\"section\" data-settings=\"{&quot;background_background&quot;:&quot;classic&quot;}\">\n\t\t\t\t\t\t<div class=\"elementor-container elementor-column-gap-no\">\n\t\t\t\t\t<div class=\"elementor-column elementor-col-33 elementor-top-column elementor-element elementor-element-69e3b7fc\" data-id=\"69e3b7fc\" data-element_type=\"column\" data-e-type=\"column\" data-settings=\"{&quot;background_background&quot;:&quot;classic&quot;}\">\n\t\t\t<div class=\"elementor-widget-wrap elementor-element-populated\">\n\t\t\t\t\t\t<div class=\"elementor-element elementor-element-6df258d elementor-widget elementor-widget-text-editor\" data-id=\"6df258d\" data-element_type=\"widget\" data-e-type=\"widget\" data-widget_type=\"text-editor.default\">\n\t\t\t\t<div class=\"elementor-widget-container\">\n\t\t\t\t\t\t\t\t\t<p><span style=\"color: #ffffff;\">Fondo Complementario de Jubilaci\u00f3n Minera, Metal\u00fargica y Sider\u00fargica<\/span><\/p>\t\t\t\t\t\t\t\t<\/div>\n\t\t\t\t<\/div>\n\t\t\t\t<div class=\"elementor-element elementor-element-2b18dd2d elementor-invisible elementor-widget elementor-widget-heading\" data-id=\"2b18dd2d\" data-element_type=\"widget\" data-e-type=\"widget\" data-settings=\"{&quot;_animation&quot;:&quot;bounceInDown&quot;}\" data-widget_type=\"heading.default\">\n\t\t\t\t<div class=\"elementor-widget-container\">\n\t\t\t\t\t<h3 class=\"elementor-heading-title elementor-size-default\">Ley 29741<\/h3>\t\t\t\t<\/div>\n\t\t\t\t<\/div>\n\t\t\t\t<div class=\"elementor-element elementor-element-5f77f562 elementor-widget-divider--view-line elementor-widget elementor-widget-divider\" data-id=\"5f77f562\" data-element_type=\"widget\" data-e-type=\"widget\" data-widget_type=\"divider.default\">\n\t\t\t\t<div class=\"elementor-widget-container\">\n\t\t\t\t\t\t\t<div class=\"elementor-divider\">\n\t\t\t<span class=\"elementor-divider-separator\">\n\t\t\t\t\t\t<\/span>\n\t\t<\/div>\n\t\t\t\t\t\t<\/div>\n\t\t\t\t<\/div>\n\t\t\t\t\t<\/div>\n\t\t<\/div>\n\t\t\t\t<div class=\"elementor-column elementor-col-33 elementor-top-column elementor-element elementor-element-5ea24e61\" data-id=\"5ea24e61\" data-element_type=\"column\" data-e-type=\"column\">\n\t\t\t<div class=\"elementor-widget-wrap elementor-element-populated\">\n\t\t\t\t\t\t<div class=\"elementor-element elementor-element-1221ab24 elementor-widget elementor-widget-image\" data-id=\"1221ab24\" data-element_type=\"widget\" data-e-type=\"widget\" data-widget_type=\"image.default\">\n\t\t\t\t<div class=\"elementor-widget-container\">\n\t\t\t\t\t\t\t\t\t\t\t\t<figure class=\"wp-caption\">\n\t\t\t\t\t\t\t\t\t\t<img fetchpriority=\"high\" decoding=\"async\" width=\"445\" height=\"287\" src=\"https:\/\/anticonasac.com\/wp-content\/uploads\/2023\/05\/image002.png\" class=\"elementor-animation-shrink attachment-full size-full wp-image-692\" alt=\"\" srcset=\"https:\/\/anticonasac.com\/wp-content\/uploads\/2023\/05\/image002.png 445w, https:\/\/anticonasac.com\/wp-content\/uploads\/2023\/05\/image002-300x193.png 300w\" sizes=\"(max-width: 445px) 100vw, 445px\" \/>\t\t\t\t\t\t\t\t\t\t\t<figcaption class=\"widget-image-caption wp-caption-text\">Fundici\u00f3n de La Oroya<\/figcaption>\n\t\t\t\t\t\t\t\t\t\t<\/figure>\n\t\t\t\t\t\t\t\t\t<\/div>\n\t\t\t\t<\/div>\n\t\t\t\t<div class=\"elementor-element elementor-element-6f747dba elementor-widget elementor-widget-text-editor\" data-id=\"6f747dba\" data-element_type=\"widget\" data-e-type=\"widget\" data-widget_type=\"text-editor.default\">\n\t\t\t\t<div class=\"elementor-widget-container\">\n\t\t\t\t\t\t\t\t\t<p><span style=\"color: #ffffff;\">Este beneficio alcanza a Trabajadores Mineros, Metal\u00fargicos y Sider\u00fargicos afiliados al Sistema Nacional de Pensiones o al Sistema Privado de Pensiones.<\/span><\/p>\t\t\t\t\t\t\t\t<\/div>\n\t\t\t\t<\/div>\n\t\t\t\t<div class=\"elementor-element elementor-element-7b415a0 elementor-vertical-align-top elementor-widget elementor-widget-image-box\" data-id=\"7b415a0\" data-element_type=\"widget\" data-e-type=\"widget\" data-widget_type=\"image-box.default\">\n\t\t\t\t<div class=\"elementor-widget-container\">\n\t\t\t\t\t<div class=\"elementor-image-box-wrapper\"><div class=\"elementor-image-box-content\"><h3 class=\"elementor-image-box-title\">Ley 25009<\/h3><p class=\"elementor-image-box-description\">Ley de Jubilaci\u00f3n de Trabajadores Mineros.<\/p><\/div><\/div>\t\t\t\t<\/div>\n\t\t\t\t<\/div>\n\t\t\t\t<div class=\"elementor-element elementor-element-7bcc4ee elementor-vertical-align-top elementor-widget elementor-widget-image-box\" data-id=\"7bcc4ee\" data-element_type=\"widget\" data-e-type=\"widget\" data-widget_type=\"image-box.default\">\n\t\t\t\t<div class=\"elementor-widget-container\">\n\t\t\t\t\t<div class=\"elementor-image-box-wrapper\"><div class=\"elementor-image-box-content\"><h3 class=\"elementor-image-box-title\">Ley 27252<\/h3><p class=\"elementor-image-box-description\">Ley de Jubilaci\u00f3n Anticipada en el Sistema Privado de Pensiones.                                 \n\n<b>Asimismo, comprende para aquellos que perciben Pensi\u00f3n de Invalidez, Viudez y Orfandad.<\/b><\/p><\/div><\/div>\t\t\t\t<\/div>\n\t\t\t\t<\/div>\n\t\t\t\t\t<\/div>\n\t\t<\/div>\n\t\t\t\t<div class=\"elementor-column elementor-col-33 elementor-top-column elementor-element elementor-element-4fdbe659\" data-id=\"4fdbe659\" data-element_type=\"column\" data-e-type=\"column\">\n\t\t\t<div class=\"elementor-widget-wrap elementor-element-populated\">\n\t\t\t\t\t\t<div class=\"elementor-element elementor-element-3705bde5 elementor-widget elementor-widget-text-editor\" data-id=\"3705bde5\" data-element_type=\"widget\" data-e-type=\"widget\" data-widget_type=\"text-editor.default\">\n\t\t\t\t<div class=\"elementor-widget-container\">\n\t\t\t\t\t\t\t\t\t<p><span style=\"text-decoration: underline; color: #ffffff;\"><strong>C\u00e1lculo del Beneficio:<\/strong><\/span><\/p><p><span style=\"color: #ffffff;\">Seg\u00fan el Art\u00edculo 3, el beneficio complementario que regula la presente Ley se calcula de conformidad con las normas vigentes del sistema pensionario al que haya aportado el solicitante.<\/span><\/p><p><span style=\"color: #ffffff;\">La diferencia que resulte entre el monto pensionario obtenido aplicando las normas pertinentes de los sistemas previsionales y el monto obtenido seg\u00fan el promedio de las remuneraciones percibidas por el trabajador en los doce meses anteriores a la fecha de cese, es cubierta por el Fondo Complementario de Jubilaci\u00f3n Minera, Metal\u00fargica y Sider\u00fargica (FCJMMS).<\/span><\/p><p><span style=\"color: #ffffff;\">El monto del beneficio complementario a otorgarse m\u00e1s la pensi\u00f3n de jubilaci\u00f3n que perciba el beneficiario no podr\u00e1 ser mayor a una Unida Impositiva Tributaria (UIT).<\/span><\/p>\t\t\t\t\t\t\t\t<\/div>\n\t\t\t\t<\/div>\n\t\t\t\t<div class=\"elementor-element elementor-element-5c8acd3a elementor-widget elementor-widget-image\" data-id=\"5c8acd3a\" data-element_type=\"widget\" data-e-type=\"widget\" data-widget_type=\"image.default\">\n\t\t\t\t<div class=\"elementor-widget-container\">\n\t\t\t\t\t\t\t\t\t\t\t\t\t\t\t<img decoding=\"async\" width=\"2400\" height=\"3000\" src=\"https:\/\/anticonasac.com\/wp-content\/uploads\/2023\/05\/minero5.png\" class=\"elementor-animation-shrink attachment-full size-full wp-image-659\" alt=\"\" srcset=\"https:\/\/anticonasac.com\/wp-content\/uploads\/2023\/05\/minero5.png 2400w, https:\/\/anticonasac.com\/wp-content\/uploads\/2023\/05\/minero5-240x300.png 240w, https:\/\/anticonasac.com\/wp-content\/uploads\/2023\/05\/minero5-819x1024.png 819w, https:\/\/anticonasac.com\/wp-content\/uploads\/2023\/05\/minero5-768x960.png 768w, https:\/\/anticonasac.com\/wp-content\/uploads\/2023\/05\/minero5-1229x1536.png 1229w, https:\/\/anticonasac.com\/wp-content\/uploads\/2023\/05\/minero5-1638x2048.png 1638w\" sizes=\"(max-width: 2400px) 100vw, 2400px\" \/>\t\t\t\t\t\t\t\t\t\t\t\t\t\t\t<\/div>\n\t\t\t\t<\/div>\n\t\t\t\t\t<\/div>\n\t\t<\/div>\n\t\t\t\t\t<\/div>\n\t\t<\/section>\n\t\t\t\t<section class=\"elementor-section elementor-top-section elementor-element elementor-element-394c2b6 elementor-section-boxed elementor-section-height-default elementor-section-height-default\" data-id=\"394c2b6\" data-element_type=\"section\" data-e-type=\"section\" data-settings=\"{&quot;background_background&quot;:&quot;classic&quot;}\">\n\t\t\t\t\t\t<div class=\"elementor-container elementor-column-gap-default\">\n\t\t\t\t\t<div class=\"elementor-column elementor-col-50 elementor-top-column elementor-element elementor-element-064c426\" data-id=\"064c426\" data-element_type=\"column\" data-e-type=\"column\">\n\t\t\t<div class=\"elementor-widget-wrap\">\n\t\t\t\t\t\t\t<\/div>\n\t\t<\/div>\n\t\t\t\t<div class=\"elementor-column elementor-col-50 elementor-top-column elementor-element elementor-element-ef2697a\" data-id=\"ef2697a\" data-element_type=\"column\" data-e-type=\"column\">\n\t\t\t<div class=\"elementor-widget-wrap elementor-element-populated\">\n\t\t\t\t\t\t<div class=\"elementor-element elementor-element-8ec5a0c elementor-widget__width-auto elementor-widget elementor-widget-button\" data-id=\"8ec5a0c\" data-element_type=\"widget\" data-e-type=\"widget\" data-widget_type=\"button.default\">\n\t\t\t\t<div class=\"elementor-widget-container\">\n\t\t\t\t\t\t\t\t\t<div class=\"elementor-button-wrapper\">\n\t\t\t\t\t<a class=\"elementor-button elementor-button-link elementor-size-sm\" href=\"https:\/\/anticonasac.com\/\">\n\t\t\t\t\t\t<span class=\"elementor-button-content-wrapper\">\n\t\t\t\t\t\t\t\t\t<span class=\"elementor-button-text\">P\u00e1gina Anterior<\/span>\n\t\t\t\t\t<\/span>\n\t\t\t\t\t<\/a>\n\t\t\t\t<\/div>\n\t\t\t\t\t\t\t\t<\/div>\n\t\t\t\t<\/div>\n\t\t\t\t\t<\/div>\n\t\t<\/div>\n\t\t\t\t\t<\/div>\n\t\t<\/section>\n\t\t\t\t<\/div>\n\t\t","protected":false},"excerpt":{"rendered":"<p>Fondo Complementario de Jubilaci\u00f3n Minera, Metal\u00fargica y Sider\u00fargica Ley 29741 Fundici\u00f3n de La Oroya Este beneficio alcanza a Trabajadores Mineros, Metal\u00fargicos y Sider\u00fargicos afiliados al Sistema Nacional de Pensiones o al Sistema Privado de Pensiones. Ley 25009 Ley de Jubilaci\u00f3n de Trabajadores Mineros. Ley 27252 Ley de Jubilaci\u00f3n Anticipada en el Sistema Privado de Pensiones. [&hellip;]<\/p>\n","protected":false},"author":1,"featured_media":0,"parent":0,"menu_order":0,"comment_status":"closed","ping_status":"closed","template":"","meta":{"site-sidebar-layout":"no-sidebar","site-content-layout":"page-builder","ast-site-content-layout":"default","site-content-style":"default","site-sidebar-style":"default","ast-global-header-display":"","ast-banner-title-visibility":"","ast-main-header-display":"","ast-hfb-above-header-display":"","ast-hfb-below-header-display":"","ast-hfb-mobile-header-display":"","site-post-title":"disabled","ast-breadcrumbs-content":"","ast-featured-img":"disabled","footer-sml-layout":"","theme-transparent-header-meta":"","adv-header-id-meta":"","stick-header-meta":"","header-above-stick-meta":"","header-main-stick-meta":"","header-below-stick-meta":"","astra-migrate-meta-layouts":"default","ast-page-background-enabled":"default","ast-page-background-meta":{"desktop":{"background-color":"var(--ast-global-color-4)","background-image":"","background-repeat":"repeat","background-position":"center center","background-size":"auto","background-attachment":"scroll","background-type":"","background-media":"","overlay-type":"","overlay-color":"","overlay-opacity":"","overlay-gradient":""},"tablet":{"background-color":"","background-image":"","background-repeat":"repeat","background-position":"center center","background-size":"auto","background-attachment":"scroll","background-type":"","background-media":"","overlay-type":"","overlay-color":"","overlay-opacity":"","overlay-gradient":""},"mobile":{"background-color":"","background-image":"","background-repeat":"repeat","background-position":"center center","background-size":"auto","background-attachment":"scroll","background-type":"","background-media":"","overlay-type":"","overlay-color":"","overlay-opacity":"","overlay-gradient":""}},"ast-content-background-meta":{"desktop":{"background-color":"var(--ast-global-color-5)","background-image":"","background-repeat":"repeat","background-position":"center center","background-size":"auto","background-attachment":"scroll","background-type":"","background-media":"","overlay-type":"","overlay-color":"","overlay-opacity":"","overlay-gradient":""},"tablet":{"background-color":"var(--ast-global-color-5)","background-image":"","background-repeat":"repeat","background-position":"center center","background-size":"auto","background-attachment":"scroll","background-type":"","background-media":"","overlay-type":"","overlay-color":"","overlay-opacity":"","overlay-gradient":""},"mobile":{"background-color":"var(--ast-global-color-5)","background-image":"","background-repeat":"repeat","background-position":"center center","background-size":"auto","background-attachment":"scroll","background-type":"","background-media":"","overlay-type":"","overlay-color":"","overlay-opacity":"","overlay-gradient":""}},"footnotes":""},"class_list":["post-642","page","type-page","status-publish","hentry"],"_links":{"self":[{"href":"https:\/\/anticonasac.com\/index.php?rest_route=\/wp\/v2\/pages\/642","targetHints":{"allow":["GET"]}}],"collection":[{"href":"https:\/\/anticonasac.com\/index.php?rest_route=\/wp\/v2\/pages"}],"about":[{"href":"https:\/\/anticonasac.com\/index.php?rest_route=\/wp\/v2\/types\/page"}],"author":[{"embeddable":true,"href":"https:\/\/anticonasac.com\/index.php?rest_route=\/wp\/v2\/users\/1"}],"replies":[{"embeddable":true,"href":"https:\/\/anticonasac.com\/index.php?rest_route=%2Fwp%2Fv2%2Fcomments&post=642"}],"version-history":[{"count":62,"href":"https:\/\/anticonasac.com\/index.php?rest_route=\/wp\/v2\/pages\/642\/revisions"}],"predecessor-version":[{"id":1668,"href":"https:\/\/anticonasac.com\/index.php?rest_route=\/wp\/v2\/pages\/642\/revisions\/1668"}],"wp:attachment":[{"href":"https:\/\/anticonasac.com\/index.php?rest_route=%2Fwp%2Fv2%2Fmedia&parent=642"}],"curies":[{"name":"wp","href":"https:\/\/api.w.org\/{rel}","templated":true}]}}